its digit of x?
3
Let y(o) = 50*o - 82. What is the hundreds digit of y(13)?
5
Let r be 207/(-45) - 6/15. Let k(x) be the first derivative of -3*x**2/2 + 15*x - 1. What is the tens digit of k(r)?
3
Let t(b) = 2*b**2 + 13*b + 296. What is the tens digit of t(27)?
0
Let l(z) = -56*z + 6. Let q = -49 - -44. What is the units digit of l(q)?
6
Suppose -484 = -4*a + 412. Suppose 4*i + a = 8*i. What is the tens digit of (-160)/i*(-70)/4?
5
What is the units digit of 6/(-9) - (-1)/((-3)/(-221))?
3
Let b = 33 - 52. Let u = b + 117. What is the tens digit of u?
9
Suppose 0 = 2*b + 42 - 50. Let j(r) = 1. Let k(c) = -13*c + 8. Let m(w) = 4*j(w) - k(w). What is the units digit of m(b)?
8
What is the tens digit of 560/(-6)*12/(-8)?
4
Let m(j) be the first derivative of -j**4/4 + 10*j**3/3 + j**2/2 - 4*j - 2. Let f be m(10). What is the units digit of 70/3 + 4/f?
4
Suppose -8*y + 441 = 41. Let c = y - -37. What is the tens digit of c?
8
Let z = 7 + -4. Let q(y) = 7*y**2 - 6*y + 1. Let s(x) = 6*x**2 - 5*x + 1. Let a(o) = -5*q(o) + 6*s(o). What is the tens digit of a(z)?
1
Let g = -340 + 479. Let c = g - 98. What is the units digit of c?
1
Suppose p - 1874 = 811. What is the units digit of p?
5
Let d(p) = p**2 - p - 17. Let w be d(12). Suppose -3*v + w = 5*x + 2*v, 2*x - 76 = 4*v. Suppose 0*o + o - x = 0. What is the units digit of o?
8
Let m(d) = d**3 + 5*d**2 - 1. Let s be m(-5). What is the units digit of s*(1*-34 + -3)?
7
Let m(r) = 8*r**2 - 163*r - 64. What is the tens digit of m(27)?
6
Let q be ((-3)/(-6))/(6/24). Suppose 154 = 2*h + 2*f, q*h = -4*f + 143 + 5. What is the tens digit of h?
8
Suppose 2*s + 260 = 3*p - 2*s, 4*p = -4*s + 300. What is the tens digit of p?
8
Let p(y) = -17*y - 2. Suppose i = -3*i - 4. Let k(u) = -3*u**2 - u. Let o be k(i). What is the units digit of p(o)?
2
Let s = 29 + -25. Suppose -3*x = d - 329 - 177, -4*x + 664 = s*d. What is the units digit of x?
0
Let a(x) = 3*x**2 + 2*x + 2. Let d be a(-3). Let h = d + -26. What is the units digit of (-182)/h + (-28)/42?
0
Suppose 5*g - 4350 = -5*j, 4*g + 2*j - 2458 = 1018. What is the hundreds digit of g?
8
Let k(h) = 2*h + 15. Suppose 53 = 2*u + o, 4*u + 5*o - 76 = 9*o. Suppose 0*a = 4*a - u. What is the tens digit of k(a)?
2
Let a(h) = 9*h + 117. What is the tens digit of a(15)?
5
Suppose 10 = 4*u - 3*d, -3*u + 3*d = -d - 4. Let r be 1345/20 - 1/u. Let t = -48 + r. What is the units digit of t?
9
What is the tens digit of (-6)/(-4) + 2010/20?
0
Let r(m) = -m**2 - 48*m + 12. What is the units digit of r(-10)?
2
Let s(j) be the third derivative of -5*j**2 - 23/6*j**3 + 0*j + 1/4*j**4 + 0. What is the units digit of s(12)?
9
Suppose -2*c - 4*x + 3236 = 0, -x = -3*c - 2*c + 8101. Suppose -6*m - c = -11*m. What is the hundreds digit of m?
3
Let z(l) = -l**3 + 48*l**2 + 17*l + 378. What is the thousands digit of z(47)?
3
Let l(f) = 40*f**2 - 5*f - 8. What is the thousands digit of l(9)?
3
Suppose -4*d + 19 = -a + 4*a, d + 2*a = 6. Suppose -5 - 7 = -d*u. Suppose 6 - 2 = -2*w, u*s - 89 = w. What is the tens digit of s?
2
Suppose -6544 = -3*y + 4*t, 2268 = 2*y + 2*t - 2104. What is the tens digit of y?
8
Let v(o) = -940*o. Let p(x) = 20*x. Let k(j) = -140*p(j) - 3*v(j). Let n be k(5). Suppose -q = 5*z - n, -3*z - q + 58 = -0*q. What is the units digit of z?
1
Let i(m) = -13*m - 6. Let z = 25 + -35. Let w be i(z). Suppose 4*q - 4*h = w, q = 3*q + 4*h - 38. What is the units digit of q?
7
Let g = 4 + 1. Suppose g*r + 5*k = 560, r + 2*k = -4*r + 560. What is the tens digit of r?
1
Let m = -2227 + 4971. What is the units digit of m?
4
Suppose o + 100 = -3*o. Let n = -20 - o. What is the units digit of n?
5
Suppose 4*t = -299 + 1203. Let j = 407 - t. What is the hundreds digit of j?
1
Let t = 115 + -98. Let g = t + 50. What is the tens digit of g?
6
What is the hundreds digit of (-3945)/(-2)*(8 + (-288)/45)?
1
Let t(j) = 1. Let y(h) = 10*h + 14. Let u(o) = -t(o) + y(o). Let f(n) = -30*n - 39. Let v(b) = 3*f(b) + 8*u(b). What is the tens digit of v(-4)?
2
Let a(i) = -i**3 + 9*i**2 - 3*i - 3. Let k be a(9). Let x = 69 + k. What is the units digit of x?
9
Let x = 5 + -10. Let t(s) = s**2 + 3*s + 6. Let f be t(x). Let g = 27 - f. What is the tens digit of g?
1
Let z = -7 - -10. Suppose 0 = -5*f + 5, w - 5*w - z*f = -31. Let c = 3 + w. What is the units digit of c?
0
Let f = -29 - -33. Suppose -134 - 54 = -f*p. What is the tens digit of p?
4
Let p be (8/(-28) + 39/(-84))*-4. Let w(t) = t**3 - t**2 + 2*t. Let s be w(2). Suppose -185 = p*r - s*r. What is the tens digit of r?
3
Suppose -r = -3*d + 293, d + 7*r - 2*r - 87 = 0. Suppose -5*x + d = -4*x. Suppose -h - 153 = -4*h - 3*j, j - x = -2*h. What is the units digit of h?
6
Suppose 3 = 2*k - 3. Let b(c) = 5*c + 0*c - 5*c**2 + 2*c**2 - 2*c**2 + c**k. What is the units digit of b(5)?
5
Let o be ((-3)/(-5))/((-14)/(-70)). Suppose -a = o*a - 12. Suppose 93 = a*y - 27. What is the tens digit of y?
4
Let u(t) = 3*t**2 + 27*t - 77. What is the units digit of u(20)?
3
Suppose 2*r - 4 = 0, -3*i + 5*i + 4 = 4*r. Suppose i*x = 3*q + 427, -x + 2*q + 315 = 103. What is the tens digit of x?
1
Suppose -2*j = 2*j - 8. Let q be -3*(j - (-44)/(-12)). What is the tens digit of -3*((-290)/6)/q?
2
Suppose 5 = -4*t + 29. Suppose 20 = -s + t*s, -4*b - 24 = -2*s. What is the units digit of 62/6*(-12)/b?
1
Let j(s) = s**3 - 3*s**2 + 3*s. Let n(h) = h**3 + 10*h**2 + 9*h + 4. Let g be n(-9). What is the tens digit of j(g)?
2
Let r(w) = 74*w**3 + 2*w**2 + 17*w - 31. What is the tens digit of r(2)?
0
Let y(k) = -9*k**3 - 6*k**2 - 4*k + 1. Let b(n) = 17*n**3 + 11*n**2 + 7*n - 2. Let c = 7 - 18. Let u(a) = c*y(a) - 6*b(a). What is the units digit of u(-2)?
1
Suppose 0 = 362*r - 358*r - 21868. What is the hundreds digit of r?
4
Suppose -666 = -8*g + 510. Let q = g - 81. What is the tens digit of q?
6
Let h be 19 - ((-2)/(-4) - (-6)/(-4)). Suppose 2*k + h = 52. What is the tens digit of k?
1
Suppose -8*t + 37 = 5. What is the units digit of -3 - 40/t*-5?
7
Suppose -3*s + 6*s - 228 = 0. What is the tens digit of s?
7
Let b(i) = -i**3 - 8*i**2 + 9*i. Let p be b(-9). Suppose p = -4*f + l + 2*l + 612, 4*l - 172 = -f. What is the units digit of f?
6
Let n(h) = h**3 - 6*h**2 - 32. What is the units digit of n(11)?
3
Let i = 33 + -28. Suppose -i*s - 4*c = -0*c - 219, -3*c = -3. What is the tens digit of s?
4
Let z = -680 - -1445. What is the units digit of z?
5
Let w(t) = 22*t**2 - t + 2. Let q be w(-2). Suppose -3*j + 7*j = q. Suppose -9 = -g - 3*n, -n + 8 = 5*g - j. What is the units digit of g?
6
Let z(p) = -p**3 + 3*p**2 + p + 3. Let v be z(4). Let o be 2/v + 94/18. Suppose -10 = -3*c - c + 2*w, -c = -2*w + o. What is the units digit of c?
5
Let v(p) = 3*p**2 - 6*p + 5. Let m(g) = -5*g**2 + 13*g - 9. Let k(x) = -4*m(x) - 9*v(x). Let z be k(-4). Let i = z + 200. What is the units digit of i?
1
Suppose 4*w - 1829 = 5*v, 3*w + 0*v - 1333 = -4*v. What is the units digit of w?
1
Let k(a) = 2*a**2 + 16*a - 40. What is the hundreds digit of k(-19)?
3
Let c(s) = 525*s**3 + s**2 - 2*s + 2. What is the units digit of c(1)?
6
Let s(k) = 2*k**2 - 5*k - 11. Let h be s(-5). Suppose -4*g + 244 = -4*f, -g + 2*f + h = -0*g. Let l = g + -31. What is the tens digit of l?
2
Let l(z) = 7 - 3*z - 5*z**2 + 14*z**2 + 37 - 7*z**2. What is the tens digit of l(6)?
9
Suppose -4*g - i - 35 = 0, -3*g + i = 23 + 12. Let c be 66/9 - g/15. What is the units digit of (-30 - -9)*c/(-6)?
8
Suppose -24*m - 2987 = -2*u - 19*m, m = -u + 1511. What is the hundreds digit of u?
5
What is the tens digit of (-584)/73 - (-1413 + 1)?
0
Suppose 0*f + 20*f = 7820. What is the hundreds digit of f?
3
Let n(h) = -562*h + 141. What is the tens digit of n(-1)?
0
Let c(u) = 24*u**2 - 11*u + 11. What is the tens digit of c(5)?
5
Suppose x = -0*x + 140. Let r be x/50 + 2/10. Suppose r*s = 91 + 2. What is the tens digit of s?
3
Let u = -227 + 1005. What is the tens digit of u?
7
Suppose 2*f + 235 = -4*n - 339, -n = -3*f - 882. Let j = f + 430. Suppose -4*c + j = -5*y, -120 = 3*c - 8*c - 4*y. What is the units digit of c?
8
Let v(f) = 6*f + 92. What is the units digit of v(15)?
2
Let y(l) = 83*l - 34. What is the tens digit of y(9)?
1
Suppose 0 = -4*i + y + 2327, 5*i + 32*y - 2911 = 31*y. What is the tens digit of i?
8
Let k = 1595 - 1089. 